1
Let x(s) = 4*s - 15. Let l(t) = t. Let h(u) = -3*l(u) + x(u). Let y(v) = -2020*v + 10115. Let c be y(5). Calculate h(c).
0
Let y(z) = -23*z + 327. Let l(q) = -64*q - 946. Let a be l(-15). Calculate y(a).
5
Let f(z) = -4*z + 6. Let k be f(0). Let w(t) be the third derivative of -t**5/60 + t**4/12 + 4*t**3/3 - t**2 + 126. Calculate w(k).
-16
Let n(c) = -10350*c**2 - 9 + 111*c - 104*c + 10349*c**2. Calculate n(2).
1
Let j(l) = 44*l - 55*l - l - 49*l - 117. Determine j(-2).
5
Let s(w) be the first derivative of 2*w**3/3 - 7*w**2 - 2*w + 1192. Calculate s(5).
-22
Let g(j) = 10*j**2 + 5. Let i be -9 - (-63)/(4 - -5). Determine g(i).
45
Let g = 548 - 550. Let k(u) be the third derivative of u**6/120 + u**5/40 + u**4/24 + 3*u**3/2 + 3*u**2. Let x(b) be the first derivative of k(b). What is x(g)?
7
Let l(v) = v**2 - 15*v - 55. Let j be (-3)/((147/(-6))/7 + 2). Suppose 5*r + 27 = -4*b + 124, j*b - 2*r - 26 = 0. Let s be l(b). Let n(p) = 6*p. Determine n(s).
-6
Let m be ((-15)/(-3))/(2 - 1). Suppose -3*p - m*t = -84 - 21, -35 = -p - 4*t. Let b be (-3)/5 + 336/p + -3. Let v(x) = -x**3 + 6*x**2 - x + 7. Determine v(b).
1
Let l(o) be the second derivative of -o**5/60 + 7*o**3/6 - 611*o**2/2 - 2*o + 84. Let j(k) be the first derivative of l(k). Let s = -9 - -3. Determine j(s).
-29
Let s(w) = w**2 - 17*w + 6. Let a be s(17). Let x(z) be the first derivative of 1/4*z**4 - 1/2*z**2 - 30 + 4*z - 2*z**3. Determine x(a).
-2
Let c(f) be the third derivative of 0*f - 1/8*f**4 + 1/6*f**3 + 34*f**2 + 0 - 1/60*f**6 + 0*f**5. Determine c(2).
-21
Let v(y) = y - 7. Suppose -4*o + 20 = -0*o. Let d be (-3)/(o + 86/(-16)). What is v(d)?
1
Let m(x) = 13*x - 192. Suppose 3*v - 34 = 2*n, -v - 104 + 141 = 3*n. Determine m(v).
16
Let k(s) = -s**2 - 6*s + 3. Suppose f - 5*f + 3*l = -11, -6 = -f + 4*l. Suppose f*u - 4 = -2. Suppose -14 = 5*m + u. What is k(m)?
12
Let x(l) = -2*l**2 + 20*l + 15. Let t = 288 + -343. Let a be 108/8 - t/(-22). Determine x(a).
-7
Let c be 2/(-8) - 25/(-20). Let s(u) = -3 - 1 + 3*u - 3 - c. Give s(6).
10
Suppose -651 = -83*a + 179. Let p(m) = m**2 - 5*m - 5. Determine p(a).
45
Let l be (99/132)/(-1 - 20/(-16)). Let o(y) be the third derivative of 0 - 5/6*y**l + 0*y - 2*y**2 - 1/24*y**4. Calculate o(-8).
3
Let w(p) = -3*p**2 + 81*p - 43. Let m be w(29). Let c = -222 - m. Let a(y) be the first derivative of -y**3/3 - 2*y**2 - 7*y - 1. Determine a(c).
-12
Let g(v) = -v + 1. Let n be g(6). Let z(f) = 2565*f**2 + 5*f - 7787*f**2 + 2568*f**2 + 2655*f**2 - 1 + 4. Calculate z(n).
3
Let s(q) = -358*q**3 - 3*q**2 - 2*q - 1. Let g be s(-1). Suppose -13*f = -17*f + g. Let o(v) = 27 + 33 - f + 33 - v. Calculate o(6).
-2
Let a(p) = 2*p. Let u = 487 + -682. Let l = -190 - u. What is a(l)?
10
Let w be 6233/(-271) - (-5 - -1). Let g(p) = -2*p**2 - 38*p - 5. What is g(w)?
-5
Suppose -9*u = -5*u + 2*f - 12, 5*f - 30 = 0. Let h(a) = 5 + 6 - a**2 + 5 - 4 + a. Calculate h(u).
12
Suppose -y - 13 = -5*a, 20 = 3*a - 3*y + 5. Let j(p) = a*p**2 + p**2 - 4*p**2 + 4*p - p - 2. Calculate j(3).
-2
Let v(j) be the first derivative of -1/2*j**2 + 104 + 8*j. Determine v(3).
5
Let j = 127 - 122. Suppose -r - 5*x + 15 = 0, j*x - 3 = 4*r + 4*x. Let n(p) = p**2 - p - 6. What is n(r)?
-6
Let o(j) = 88 - 21*j + 5*j + 0*j**3 - j**3 + 63*j**2 - 57*j**2. Let s be o(6). Let z(a) = 2*a + 11. Give z(s).
-5
Suppose -251*c = 223 - 1478. Let f(s) be the first derivative of -s**3/3 + s**2 + 8*s + 13. Determine f(c).
-7
Let r(q) = -2*q - 19. Suppose 8*g - 22 = -70. Determine r(g).
-7
Let t = 18 - 15. Suppose -t*d + 2*b + 74 = b, 5*d = -3*b + 128. Suppose 0 = -v - d + 25. Let p(n) = -n**3 - n**2 + n + 1. What is p(v)?
1
Let m be (-2*20/(-30))/(2/3). Suppose 2*l = 4*y - 6, m = l - 3. Let b(s) = 2*s**3 - 7*s**2 + 6*s - 3. Calculate b(y).
37
Let u(q) = -4*q - 4. Suppose 2*v + 34 = -2*g, g - 31 = 5*v + 54. Let p(j) = -j**3 - 18*j**2 - 16*j + 14. Let c be p(v). What is u(c)?
8
Let n be 108/288*(-4)/3*12. Let x(u) = 3*u**2 - 4*u**2 + 8 + 3 + 2*u**2 + 8*u. Calculate x(n).
-1
Let u(o) = 91*o**3 - 1 - 34*o**2 + 33*o**2 - 97*o**3 - 3*o. Calculate u(-1).
7
Let d(n) be the third derivative of -n**5/60 - 5*n**4/12 + 2*n**3 + 2466*n**2. Give d(-8).
28
Let z(x) = x**3 + 18*x**2 - 199*x - 65. Let s be z(8). Let q(u) = -14*u + 19. Give q(s).
-79
Let n(t) = 2*t + 32. Let q = 567 - 562. Suppose 7*b - 9*b - 67 = 5*o, 0 = -3*o - q*b - 44. What is n(o)?
6
Let g be (-3*(-30)/(-9))/(-2). Suppose g*q - 85 = -25. Let t(m) = m - 17. Let k be t(q). Let d(x) = -x**2 - 3*x. What is d(k)?
-10
Let g(m) = 4*m**2 - m - 1. Let w(b) = 17*b**2 + b + 11. Let v(a) = 4*g(a) - w(a). What is v(-7)?
-29
Let r(g) be the first derivative of -7*g**4/4 - g**3/3 + g**2/2 + 21. Suppose 4*b = -l - 8 - 13, -12 = 3*b + 2*l. Let u be -4 - b - (3 + 0 + -2). Give r(u).
-7
Suppose 16*y = 5*d + 21*y - 2120, 0 = -4*d + 5*y + 1723. Let r(c) = -215 + 3*c - 9*c - 210 + d. What is r(-3)?
20
Let z(i) = 14934*i**2 + 25 - 5*i - 9*i + 14936*i**2 - 29871*i**2. Calculate z(-15).
10
Let z(n) = n**2 + 3*n**2 + 132*n - n**2 - 129*n - 4*n**2 + 125. Calculate z(-10).
-5
Suppose -3*o = -c - 20, -c + 5*c + 70 = 2*o. Let x = c + 9. Let h(v) = -1. Let b(k) = -k - 12. Let u(n) = -b(n) + 4*h(n). Give u(x).
0
Let s(m) = 2*m**3 + 104*m**2 + 1016*m + 72. Let c be s(-39). Let y(n) = 2 + n**3 + 6*n**2 + n + n**3 - n**3. What is y(c)?
-4
Let j(d) be the third derivative of -d**6/60 - d**5/30 + d**4/12 + 4*d**3/3 - 3144*d**2 - 2*d - 2. Give j(0).
8
Suppose 93 - 83 = 5*q. Suppose -5*l - b + 17 = -20, q*b = -l + 2. Let z(m) = -3*m + 1. What is z(l)?
-23
Let n(m) be the first derivative of m**2/2 - 11*m - 2061. What is n(7)?
-4
Let p(q) = 31*q**2 + 41*q - 19*q**2 + 3 - 48*q - 15 - 13*q**2. Calculate p(-4).
0
Let p(k) = 10*k - 20. Let j be p(3). Let z be (-56)/3 - 6/(-9). Let v = z + j. Let t(b) = b + 7. Give t(v).
-1
Let p(a) = -64*a - 31. Let h(l) = -10*l - 5. Let b(u) = -6*h(u) + p(u). Suppose 0 = 3*t - 2*y + 12 - 1, -3*t - 4*y = 41. Let j = t + 8. What is b(j)?
-5
Let j(w) = 21*w - 38. Let f(h) = -26*h + 34. Let q(a) = 6*f(a) + 7*j(a). Determine q(-6).
-8
Suppose 46*q = 66*q + 4*b - 72, 50 = 5*q + 5*b. Let i(x) = 3*x**3 - 3*x**2 - 5*x + 3. Give i(q).
5
Let x = 3382 + -3381. Let i(n) = -6*n**3 - 2*n**2 + 6*n - 4. Determine i(x).
-6
Let i(q) = 2*q + 3. Let m(g) = 166*g + 158*g - 319*g. Let j(z) = -2*i(z) + m(z). Give j(0).
-6
Let y be 0 + 340*(-2 - (-25)/10). Let r = -169 + y. Let d(c) = 10*c**3 - 2*c**2 + 1. Calculate d(r).
9
Let b(w) = -w**3 - 2*w - 1. Let f(s) = 10*s**3 + 20*s**2 - s + 81. Let g(z) = -11*b(z) - f(z). What is g(19)?
6
Let y(o) be the second derivative of 3/2*o**2 + 2/3*o**4 + 3 - 1/20*o**5 + o - 5/6*o**3. Calculate y(7).
17
Suppose 4746*m + 260 = 4726*m. Let b(a) = -a**2 - 16*a - 4. Determine b(m).
35
Let c(n) = -13*n**2 - 9*n - 11. Let w(v) = -10*v**2 - 9*v - 10. Let f(g) = 3*c(g) - 4*w(g). Let i(b) = -b**3 - 9*b**2 - b - 17. Let h be i(-9). Determine f(h).
-1
Let n be ((-24 - -1) + 0)*-1. Let l(g) = g - 2*g + n - 8. Determine l(9).
6
Let p(t) be the first derivative of 34*t**3 - t - 5100. What is p(1)?
101
Let f(i) = i**3 + 19*i**2 + 19*i + 22. Suppose 0 = 3*s - 5*p + 29, -35*p - 11 = -3*s - 22*p. What is f(s)?
4
Suppose -2*q + 2 = 2*a, -2*a - 5*q - 7 = -15. Let s(y) = -7*y - 21. Calculate s(a).
-14
Let p(x) be the first derivative of -9*x**2/2 + 139*x - 800. Give p(16).
-5
Let y(g) = -114*g + g**3 + 1257*g**2 - 9 - 1282*g**2 + 160*g + 2. Give y(23).
-7
Let b = -29451 - -29446. Let r(j) = -2*j + 0*j + j. Calculate r(b).
5
Suppose -313*d = -211*d + 4080. Let t(w) = 5*w + 197. What is t(d)?
-3
Let q(b) = -2*b - 15. Let l be q(-7). Let c(k) be the first derivative of 4*k**3 - 841. What is c(l)?
12
Let t(d) = 3*d**2 + 5*d - 1. Let f(b) = 4*b**2 + 5*b - 1. Let v = 60 + -48. Suppose -8 - v = -4*z. Let i(a) = z*t(a) - 4*f(a). Calculate i(5).
-1
Let h(k) be the third derivative of k**6/120 - k**5/60 + k**3/6 - k**2. Let m be ((-98 + 91)/((-3)/((-3)/7)))/(-2 + 3). What is h(m)?
-1
Let h = 91 + -34. Suppose -j - h = -0*j. Let d = j - -53. Let v(a) = a**3 + 5*a**2 + 2*a - 1. Calculate v(d).
7
Suppose 0 = -37*k + 60*k. Let m be 0/(5/(-10)*-2 - k). Let o(i) = i**3 + i**2 + i + 5. Give o(m).
5
Let w(j) = 6*j**2 - 1. Suppose -15 + 48 = 5*m + 3*y, 0 = -4*m - 4*y + 28. Let d(c) = 